{"id":145,"date":"2024-02-14T15:15:35","date_gmt":"2024-02-14T15:15:35","guid":{"rendered":"https:\/\/gv-elhogar-anglet.alwaysdata.net\/?page_id=145"},"modified":"2026-04-07T08:11:26","modified_gmt":"2026-04-07T08:11:26","slug":"bienvenue-au-club-gv-el-hogar","status":"publish","type":"page","link":"https:\/\/gv-elhogar-anglet.alwaysdata.net\/","title":{"rendered":"Bienvenue au club Gymnastique Volontaire EL HOGAR"},"content":{"rendered":"\n<p>Le club <strong>GV EL HOGAR ANGLET <\/strong>a \u00e9t\u00e9 cr\u00e9\u00e9 en 1979 sous l&rsquo;action dynamique de deux animatrices, Mado et Rosy.<\/p>\n\n\n\n<p>Affili\u00e9 \u00e0 la <strong>F\u00e9d\u00e9ration Fran\u00e7aise d\u2019\u00c9ducation Physique et de Gymnastique Volontaire<\/strong>,1\u00e8re f\u00e9d\u00e9ration non comp\u00e9titive, ce club dispense des cours adultes (d\u00e8s 16 ans) et seniors ouverts \u00e0 tous et \u00e0 toutes, dans une ambiance musicale, d\u00e9contract\u00e9e et convivial.<br>Nous proposons 22 heures de cours par semaine, dispens\u00e9s par des animatrices dipl\u00f4m\u00e9es<\/p>\n\n\n\n<ul class=\"wp-block-list\">\n<li>Gym tonique, <\/li>\n\n\n\n<li>A\u00e9rodance, <\/li>\n\n\n\n<li>Gym vitalit\u00e9,<\/li>\n\n\n\n<li>Gym m\u00e9moire \u00e9quilibre, <\/li>\n\n\n\n<li>Gym m\u00e9thode De Gasquet, <\/li>\n\n\n\n<li>Gym du dos, <\/li>\n\n\n\n<li>Step,<\/li>\n\n\n\n<li>Pilates, <\/li>\n\n\n\n<li>Stretching, <\/li>\n\n\n\n<li>Marche nordique.<\/li>\n<\/ul>\n\n\n\n<p>Le club b\u00e9n\u00e9ficie du \u00ab\u00a0Label Club Qualit\u00e9 EPGV\u00a0\u00bb, d\u00e9cern\u00e9 par la F\u00e9d\u00e9ration, signe d&rsquo;un fonctionnement exemplaire en mati\u00e8re d&rsquo;organisation, de participation et de d\u00e9mocratie dans les diff\u00e9rents domaines de la vie associative.<\/p>\n\n\n\n<p>Sport, Sant\u00e9, Convivialit\u00e9<\/p>\n\n\n\n<p>Rejoignez-nous !<\/p>\n","protected":false},"excerpt":{"rendered":"<p>Le club GV EL HOGAR ANGLET a \u00e9t\u00e9 cr\u00e9\u00e9 en 1979 sous l&rsquo;action dynamique de deux animatrices, Mado et Rosy. Affili\u00e9 \u00e0 la F\u00e9d\u00e9ration Fran\u00e7aise d\u2019\u00c9ducation Physique et de Gymnastique Volontaire,1\u00e8re f\u00e9d\u00e9ration non comp\u00e9titive, ce club dispense des cours adultes &hellip; <a href=\"https:\/\/gv-elhogar-anglet.alwaysdata.net\/\">Continuer la lecture <span class=\"meta-nav\">&rarr;<\/span><\/a><\/p>\n","protected":false},"author":1,"featured_media":0,"parent":0,"menu_order":0,"comment_status":"closed","ping_status":"closed","template":"","meta":{"footnotes":""},"class_list":["post-145","page","type-page","status-publish","hentry"],"_links":{"self":[{"href":"https:\/\/gv-elhogar-anglet.alwaysdata.net\/index.php\/wp-json\/wp\/v2\/pages\/145"}],"collection":[{"href":"https:\/\/gv-elhogar-anglet.alwaysdata.net\/index.php\/wp-json\/wp\/v2\/pages"}],"about":[{"href":"https:\/\/gv-elhogar-anglet.alwaysdata.net\/index.php\/wp-json\/wp\/v2\/types\/page"}],"author":[{"embeddable":true,"href":"https:\/\/gv-elhogar-anglet.alwaysdata.net\/index.php\/wp-json\/wp\/v2\/users\/1"}],"replies":[{"embeddable":true,"href":"https:\/\/gv-elhogar-anglet.alwaysdata.net\/index.php\/wp-json\/wp\/v2\/comments?post=145"}],"version-history":[{"count":10,"href":"https:\/\/gv-elhogar-anglet.alwaysdata.net\/index.php\/wp-json\/wp\/v2\/pages\/145\/revisions"}],"predecessor-version":[{"id":457,"href":"https:\/\/gv-elhogar-anglet.alwaysdata.net\/index.php\/wp-json\/wp\/v2\/pages\/145\/revisions\/457"}],"wp:attachment":[{"href":"https:\/\/gv-elhogar-anglet.alwaysdata.net\/index.php\/wp-json\/wp\/v2\/media?parent=145"}],"curies":[{"name":"wp","href":"https:\/\/api.w.org\/{rel}","templated":true}]}}